{"id":72,"date":"2022-03-09T03:00:11","date_gmt":"2022-03-09T03:00:11","guid":{"rendered":"http:\/\/www.velasdulceesencia.com\/blog\/?page_id=72"},"modified":"2022-03-11T03:22:10","modified_gmt":"2022-03-11T03:22:10","slug":"cotizaciones","status":"publish","type":"page","link":"http:\/\/www.velasdulceesencia.com\/blog\/cotizaciones\/","title":{"rendered":"Cotizaciones"},"content":{"rendered":"\n<hr class=\"wp-block-separator is-style-dots\"\/>\n\n\n\n<p class=\"has-text-align-center\" style=\"font-size:26px\">Si necesitas una cotizaci\u00f3n d\u00e9janos tus datos y nos contactaremos en el menor tiempo posible<\/p>\n\n\n\n<p><\/p>\n\n\n\n<div class=\"wp-block-columns\">\n<div class=\"wp-block-column\" style=\"flex-basis:100%\">\n<div class=\"wp-container-2 wp-block-group\"><div class=\"wp-block-group__inner-container\">\n<div class=\"wp-block-columns\">\n<div class=\"wp-block-column\" style=\"flex-basis:100%\">\n<div class=\"wp-container-1 wp-block-group\"><div class=\"wp-block-group__inner-container\">\n\t\t<div class=\"coblocks-form\" id=\"ff7c9507c3041297a86bc67c1af84cc8a41424ff\">\n\n\t\t\t\n\t\t\t<form action=\"http:\/\/www.velasdulceesencia.com\/blog\/cotizaciones\/#ff7c9507c3041297a86bc67c1af84cc8a41424ff\" method=\"post\">\n\t\t\t\t\n<div class=\"wp-block-coblocks-form\"><label for=\"nombre\" class=\"coblocks-label\">Nombre <span class=\"required\">&#042;<\/span><\/label>\n\t\t<input type=\"hidden\" name=\"field-nombre[label]\" value=\"Nombre\">\n\n\t\t\t\t<input type=\"hidden\" id=\"name-field-id\" name=\"name-field-id\" class=\"coblocks-name-field-id\" value=\"field-nombre\" \/>\n\t\t\t\t\t<div class=\"coblocks-form__inline-fields\">\n\t\t\t\t<div class=\"coblocks-form__inline-field\">\n\t\t\t\t\t<input type=\"text\" id=\"nombre-firstname\" name=\"field-nombre[value][first-name]\" class=\"coblocks-field coblocks-field--name first\" required \/>\n\t\t\t\t\t<small class=\"coblocks-form__subtext\">Primer\/Segundo<\/small>\n\t\t\t\t<\/div>\n\n\t\t\t\t<div class=\"coblocks-form__inline-field\">\n\t\t\t\t\t<input type=\"text\" id=\"nombre-lastname\" name=\"field-nombre[value][last-name]\" class=\"coblocks-field coblocks-field--name last\" required \/>\n\t\t\t\t\t<small class=\"coblocks-form__subtext\">Apellido<\/small>\n\t\t\t\t<\/div>\n\t\t\t<\/div>\n\n\t\t\t\n\n<label for=\"nombre-opcional-2\" class=\"coblocks-label\">Nombre (Opcional)<\/label>\n\t\t<input type=\"hidden\" name=\"field-nombre-opcional-2[label]\" value=\"Nombre (Opcional)\">\n\n\t\t\t\t<input type=\"hidden\" id=\"name-field-id\" name=\"name-field-id\" class=\"coblocks-name-field-id\" value=\"field-nombre-opcional-2\" \/>\n\t\t\t\t\t<div class=\"coblocks-form__inline-fields\">\n\t\t\t\t<div class=\"coblocks-form__inline-field\">\n\t\t\t\t\t<input type=\"text\" id=\"nombre-opcional-2-firstname\" name=\"field-nombre-opcional-2[value][first-name]\" class=\"coblocks-field coblocks-field--name first\"  \/>\n\t\t\t\t\t<small class=\"coblocks-form__subtext\">Primer\/Segundo<\/small>\n\t\t\t\t<\/div>\n\n\t\t\t\t<div class=\"coblocks-form__inline-field\">\n\t\t\t\t\t<input type=\"text\" id=\"nombre-opcional-2-lastname\" name=\"field-nombre-opcional-2[value][last-name]\" class=\"coblocks-field coblocks-field--name last\"  \/>\n\t\t\t\t\t<small class=\"coblocks-form__subtext\">Apellido<\/small>\n\t\t\t\t<\/div>\n\t\t\t<\/div>\n\n\t\t\t\n\n<label for=\"correo\" class=\"coblocks-label\">Correo <span class=\"required\">&#042;<\/span><\/label>\n\t\t<input type=\"hidden\" name=\"field-correo[label]\" value=\"Correo\">\n\n\t\t\n\t\t<input type=\"hidden\" id=\"email-field-id\" name=\"email-field-id\" class=\"coblocks-email-field-id\" value=\"field-correo\" \/>\n\t\t<input type=\"email\" id=\"correo\" name=\"field-correo[value]\" class=\"coblocks-field coblocks-field--email\" required \/>\n\n\t\t\n\n<label for=\"celular-o-telefono\" class=\"coblocks-label\">Celular \u00f3 Tel\u00e9fono <span class=\"required\">&#042;<\/span><\/label>\n\t\t<input type=\"hidden\" name=\"field-celular-o-telefono[label]\" value=\"Celular \u00f3 Tel\u00e9fono\">\n\n\t\t\n\t\t<input type=\"tel\" id=\"celular-o-telefono\" name=\"field-celular-o-telefono[value]\" class=\"coblocks-field coblocks-field--telephone\" required \/>\n\n\t\t\n\n<div class=\"coblocks-field\"><label for=\"sabes-que-producto-quieres\" class=\"coblocks-label\">\u00bfSabes qu\u00e9 producto quieres?<\/label>\n\t\t<input type=\"hidden\" name=\"field-sabes-que-producto-quieres[label]\" value=\"\u00bfSabes qu\u00e9 producto quieres?\">\n\n\t\t<div class=\"coblocks--inline\"><input id=\"sabes-que-producto-quieres-yes\" type=\"radio\" name=\"field-sabes-que-producto-quieres[value]\" value=\"Yes\" class=\"radio\">\n\t\t\t\t<label class=\"coblocks-radio-label\" for=\"sabes-que-producto-quieres-yes\">Yes<\/label><input id=\"sabes-que-producto-quieres-no\" type=\"radio\" name=\"field-sabes-que-producto-quieres[value]\" value=\"No\" class=\"radio\">\n\t\t\t\t<label class=\"coblocks-radio-label\" for=\"sabes-que-producto-quieres-no\">No<\/label><\/div><\/div>\n\n<label for=\"fecha-de-entrega-cuando-deseas-que-sea-entregado\" class=\"coblocks-label\">Fecha de entrega (Cuando deseas que sea entregado) <span class=\"required\">&#042;<\/span><\/label>\n\t\t<input type=\"hidden\" name=\"field-fecha-de-entrega-cuando-deseas-que-sea-entregado[label]\" value=\"Fecha de entrega (Cuando deseas que sea entregado)\">\n\n\t\t\n\t\t<input type=\"date\" id=\"fecha-de-entrega-cuando-deseas-que-sea-entregado\" name=\"field-fecha-de-entrega-cuando-deseas-que-sea-entregado[value]\" class=\"coblocks-field coblocks-field--date\" required \/>\n\n\t\t\n\n<label for=\"por-favor-indicanos-que-productos-deseas-y-que-cantidad-se-especific\" class=\"coblocks-label\">Por favor indicanos qu\u00e9 productos deseas y qu\u00e9 cantidad. (Se espec\u00edfic@) <span class=\"required\">&#042;<\/span><\/label>\n\t\t<input type=\"hidden\" name=\"field-por-favor-indicanos-que-productos-deseas-y-que-cantidad-se-especific[label]\" value=\"Por favor indicanos qu\u00e9 productos deseas y qu\u00e9 cantidad. (Se espec\u00edfic@)\">\n\n\t\t\n\t\t<textarea name=\"field-por-favor-indicanos-que-productos-deseas-y-que-cantidad-se-especific[value]\" id=\"por-favor-indicanos-que-productos-deseas-y-que-cantidad-se-especific\" class=\"coblocks-field coblocks-textarea\" rows=\"20\" required><\/textarea>\n\n\t\t\n\n\n\t\t<div class=\"coblocks-form__submit wp-block-button\">\n\t\t\t<button type=\"submit\" class=\"wp-block-button__link\" style=\"\">Enviar<\/button>\n\t\t\t<input type=\"hidden\" id=\"form-submit\" name=\"form-submit\" value=\"39a7211c88\" \/><input type=\"hidden\" name=\"_wp_http_referer\" value=\"\/blog\/wp-json\/wp\/v2\/pages\/72\" \/>\t\t\t<input type=\"hidden\" name=\"action\" value=\"coblocks-form-submit\">\n\n\t\t\t\t\t<\/div>\n\n\t\t<\/div>\n\t\t\t\t<input class=\"coblocks-field verify\" type=\"email\" name=\"coblocks-verify-email\" autocomplete=\"off\" placeholder=\"Correo electr\u00f3nico\" tabindex=\"-1\">\n\t\t\t\t<input type=\"hidden\" name=\"form-hash\" value=\"ff7c9507c3041297a86bc67c1af84cc8a41424ff\">\n\n\t\t\t\t\t\t\t<\/form>\n\n\t\t<\/div>\n\n\t\t<\/div><\/div>\n<\/div>\n<\/div>\n<\/div><\/div>\n<\/div>\n<\/div>\n","protected":false},"excerpt":{"rendered":"<p>Si necesitas una cotizaci\u00f3n d\u00e9janos tus datos y nos contactaremos en el menor tiempo posible<\/p>\n","protected":false},"author":1,"featured_media":0,"parent":0,"menu_order":0,"comment_status":"closed","ping_status":"closed","template":"","meta":{"_coblocks_attr":"","_coblocks_dimensions":"","_coblocks_responsive_height":"","_coblocks_accordion_ie_support":"","hide_page_title":""},"_links":{"self":[{"href":"http:\/\/www.velasdulceesencia.com\/blog\/wp-json\/wp\/v2\/pages\/72"}],"collection":[{"href":"http:\/\/www.velasdulceesencia.com\/blog\/wp-json\/wp\/v2\/pages"}],"about":[{"href":"http:\/\/www.velasdulceesencia.com\/blog\/wp-json\/wp\/v2\/types\/page"}],"author":[{"embeddable":true,"href":"http:\/\/www.velasdulceesencia.com\/blog\/wp-json\/wp\/v2\/users\/1"}],"replies":[{"embeddable":true,"href":"http:\/\/www.velasdulceesencia.com\/blog\/wp-json\/wp\/v2\/comments?post=72"}],"version-history":[{"count":6,"href":"http:\/\/www.velasdulceesencia.com\/blog\/wp-json\/wp\/v2\/pages\/72\/revisions"}],"predecessor-version":[{"id":129,"href":"http:\/\/www.velasdulceesencia.com\/blog\/wp-json\/wp\/v2\/pages\/72\/revisions\/129"}],"wp:attachment":[{"href":"http:\/\/www.velasdulceesencia.com\/blog\/wp-json\/wp\/v2\/media?parent=72"}],"curies":[{"name":"wp","href":"https:\/\/api.w.org\/{rel}","templated":true}]}}